 common divisor of 515 and n?
103
Suppose -343 = -18*f + 647. Calculate the greatest common factor of f and 1089.
11
Let n be 1740/72 + 2/(-12). Suppose 3*h - 147 = -n. Suppose c = 12 + h. What is the highest common divisor of c and 424?
53
Suppose -61*q = 41*q - 127*q + 1725. Calculate the highest common factor of 529 and q.
23
Let u be (-1778)/(-6) - 4/12. Let d(b) = 2*b**3 - b**2 - 17*b + 43. Let p be d(3). What is the greatest common factor of u and p?
37
Let m be 20*(-1)/3*5208/(-31). Suppose -10*p - m = -17*p. What is the greatest common factor of 64 and p?
32
Let q be ((-2)/6)/(44/19 + (-35)/15). What is the greatest common factor of 5377 and q?
19
Let n(m) = -6*m**3 + 318*m**2 + 9*m - 90. Let g be n(53). Calculate the highest common factor of 288 and g.
9
Suppose 208*q - 212*q = u - 7014, -5*u - 4*q + 35070 = 0. What is the highest common factor of 42 and u?
42
Suppose 0 = -5*d - 5*s + 40, -5*s = 2*d - 7 + 6. Let b(h) = -3*h + 79. Let a be b(d). Suppose -2*v = -0*v - 20. Calculate the highest common factor of a and v.
10
Let w(o) = 7*o**2 + 3*o + 11 - 43 + 6. Let b be w(7). Calculate the highest common factor of b and 39.
13
Let p = -82 - -272. Suppose -12420 + 10330 = 3*q - 58*q. What is the greatest common factor of q and p?
38
Let x(k) = -33*k. Let w be x(-3). Suppose -3*z + z = -2*b + 100, -2*b + 90 = -4*z. Suppose -6*l + 11*l = b. Calculate the greatest common factor of l and w.
11
Suppose -2086*i + 20 = -2088*i - 5*w, -4*i = 5*w. What is the greatest common divisor of 22970 and i?
10
Suppose -40 = -5*d - 5*o, -3*d + 3*o - 2*o = -12. Suppose 73 = 6*u - d. Suppose -566 = -7*x + 71. What is the highest common factor of x and u?
13
Suppose -1558 = -26*b + 4136. Suppose -4*h = -675 + b. What is the greatest common divisor of 12 and h?
6
Suppose -2*t = -3*o + 1463, 34*t - 36*t + 1974 = 4*o. Suppose 0 = -7*p + 783 + o. What is the highest common divisor of 56 and p?
14
Let o be 4 + 0/(1 + 0). Suppose -3*c + 8*c + 2*t = 37, o*c - 56 = 5*t. Let y(b) = 17*b + 27. Let p be y(c). What is the highest common divisor of p and 20?
20
Suppose -13*w + 2477 = 3*w - 259. Calculate the greatest common divisor of 108 and w.
9
Let m(q) = 2*q**2 + 84*q + 75. Let u be m(-34). Let h = u - -513. Calculate the highest common factor of 16 and h.
4
Let t(u) = u**3 + 5*u**2 + u - 6. Let p be t(6). Let j = -23 - -2. Let y be -6*7/j*18. Calculate the greatest common factor of y and p.
36
Suppose -5*s - 30 = v + 3*v, 55 = -3*s + 5*v. Let a be 807/15 - 2/s. Calculate the highest common factor of 6 and a.
6
Suppose -97*v = -93*v + 20. Let l be 33/v*(9 + -22 + 3). What is the highest common factor of 44 and l?
22
Let f(y) = -5*y + 107. Let g be f(21). Suppose 16 = g*a - 0. What is the greatest common factor of a and 64?
8
Suppose 56*l - 111*l - 8437 = -66*l. What is the greatest common divisor of 413 and l?
59
Let y = 50221 + -50218. Let r(k) = -k - 1. Let g be r(-6). Calculate the greatest common factor of g and y.
1
Let w be (6/4)/(1/12). Let b(a) = -165*a + 5562. Let o be b(33). What is the greatest common divisor of o and w?
9
Suppose -2*z + 3*b - 4*b + 741 = 0, -2*b = 6. Let v = -357 + z. Let w(f) = -2*f - 9. Let t be w(-7). What is the greatest common divisor of v and t?
5
Let l = -576 + 435. Let o = l + 206. Calculate the highest common factor of o and 65.
65
Suppose 0 = 81*l - 78*l + 6. Let h be ((-39)/(-26))/(l/(-100)). What is the greatest common divisor of h and 375?
75
Let s be ((-4)/3)/(12/(-18)). Suppose s*r - 164 = -2*r. Let p = 65 - r. Calculate the highest common divisor of 16 and p.
8
Suppose -170*c - 126*c + 11877 = -65083. What is the highest common factor of 2840 and c?
20
Let o be (-1)/(-1) + 8 + -1. Let m = -6 + o. Suppose -3*q + 17 = -m*j + 72, j = -4*q + 11. What is the greatest common factor of 23 and j?
23
Let s = 29677 - 8999. What is the greatest common factor of 196 and s?
98
Suppose -11*k - 4940 = -49*k. Let x(q) = 10*q + 26. Let o be x(0). Calculate the greatest common factor of o and k.
26
Let r be (7/(-3))/((-4)/288). Let v be 43420/1040 - ((-2)/6 + (-3)/(-36)). What is the highest common factor of r and v?
42
Let o be 3/(0 - 0 - 3/(-5)). Suppose -65 = 5*b + o*z, 3*b = 5*z + 2 - 1. Let m be ((-2 - -3) + (b - -6))*-4. Calculate the highest common divisor of m and 16.
4
Let t be (5/(-3))/(1 - 95/90). Let d = -65 - -395. Calculate the greatest common divisor of t and d.
30
Suppose -5*o = -2*i - 1628, 4*o + 1574 = 9*o + 4*i. What is the greatest common divisor of 4 and o?
2
Suppose 228*a - 349*a = -484. Suppose t - 3*m - 473 + 51 = 0, t - 436 = -4*m. Calculate the highest common divisor of a and t.
4
Let t = 49 + -4. Let m be 448/21*t/6. Let z = 240 - m. What is the greatest common factor of z and 32?
16
Let d(t) = 103*t - 42 + 8 + 21. Let p be d(4). What is the highest common factor of p and 114?
57
Suppose 0 = -90*j + 93*j + 249. Let y = -79 - j. What is the greatest common divisor of 8 and y?
4
Suppose -3*g + 59 - 73 = -4*c, -5*c + 27 = g. Suppose -3*x = 461 + 10. Let h = x + 237. Calculate the greatest common factor of h and c.
5
Let v be 42/36*-8 + (-2)/3. Let g be v/(-30) + 4/6 + 44. Let c be 2/4*10/1. What is the highest common divisor of c and g?
5
Suppose -5*p = -217 - 108. Let k(i) = i**3 - 28*i**2 - 7*i - 612. Let y be k(29). Calculate the greatest common factor of p and y.
13
Let t(u) = u**3 + 4*u**2 - 2*u + 17. Let n be t(-5). Let q be n*(-4)/(16/(-50)). What is the highest common factor of 125 and q?
25
Let d(l) = -2*l - 72. Let h be d(-34). Let z(c) = 2*c**2 + 4*c + 5. Let g be z(h). Let q = -2 - -9. What is the greatest common factor of g and q?
7
Suppose 0 = 461*u - 18333 - 2412. What is the highest common divisor of 423 and u?
9
Let y be (-3)/(-6 + -3) + 2392/78. What is the highest common factor of 25885 and y?
31
Let t be (-63 - -2156) + 4/(12/21). What is the greatest common factor of 35 and t?
35
Let o = 54 + -36. Suppose 0 = 4*b + 4 - 40. Let k = 18 - b. What is the highest common factor of o and k?
9
Let k(d) = -2*d**3 - 7*d**2 + 8*d + 20. Let r be k(-6). Let l = r - 133. Calculate the highest common factor of l and 361.
19
Suppose -255*l + 2013 = -194*l. Calculate the greatest common divisor of 770 and l.
11
Suppose -11 = -3*r + 5*z, -3*z - 7 = 2*r - 27. Suppose r*g = 8 + 6. Let w be g + 2 + 13 + -1. What is the greatest common divisor of 48 and w?
16
Suppose 0 = 5*c - k - 30, 3*k = -2*c + k. Suppose z - 5*z = q - 1123, 5*q + 1435 = 5*z. Suppose z = c*v - 213. Calculate the greatest common factor of v and 11.
11
Let t be (-6)/(8 + (-310)/38). Suppose -11*a - t = -137. What is the highest common factor of 18 and a?
9
Let c(h) = 2*h**3 - 12*h**2 + 48*h - 135. Let m be c(7). What is the highest common factor of 2431 and m?
13
Let b(k) = k**3 + k - 1. Let v(r) = -4*r**3 + 17*r**2 - 34*r + 22. Let w(a) = 3*b(a) + v(a). Let i be w(15). What is the highest common divisor of 3 and i?
1
Suppose 0 = 20*u + 11*u - 93. Suppose u*n - 12*n = -252. What is the highest common factor of n and 21?
7
Let u(i) = 17*i**2 - 1. Let p be u(1). Suppose y - 2*o - 17 - 15 = 0, -y + o = -34. Calculate the greatest common factor of y and p.
4
Suppose -2*m + 2840 + 1456 = 3*g, -2*g = 4*m - 8568. What is the highest common divisor of m and 744?
93
Let z be (1 + 7)/(1/5). Let d be (-1 - -6)*(5 + 2). Let o = d + -15. Calculate the greatest common divisor of o and z.
20
Let r be (-1040)/(-24) - (-115)/69. What is the greatest common divisor of r and 15480?
45
Let b(w) = w**3 + 32*w**2 - 7*w + 31. Let r be b(-7). Calculate the highest common factor of 90 and r.
45
Suppose -x - 6*l = -11*l - 12, -5*x + 60 = 3*l. What is the greatest common divisor of x and 14460?
12
Let h = 27 - -31. Let c = 72 - h. Calculate the greatest common divisor of 63 and c.
7
Let t(q) = q + 18. Let g be t(-14). Let y(i) = 13*i - 17. Let d be y(g). What is the greatest common divisor of d and 140?
35
Let y(t) = -9*t**2 + 82*t - 9. Let o be y(9). Suppose 33*p - 44*p + 605 = o. What is the highest common divisor of 55 and p?
55
Suppose 0 = -495*f + 498*f. Suppose -12 + f = 3*q, -67 = -d - q. Calculate the greatest common factor of 639 and d.
71
Suppose 2 - 18 = 2*y. Let u(x) = -x**2 - 11*x - 16. Let j be u(y). What is the greatest common divisor of j and 56?
8
Let w be 